et i be b(d). What is the highest common divisor of i and 4?
4
Suppose 1603 + 503 = 9*g. What is the greatest common divisor of g and 54?
18
Suppose -210 + 3 = -3*q. Suppose t = 4*t - q. What is the highest common factor of 184 and t?
23
Let v(c) = -c**3 + 8*c**2 + 10*c - 10. Let y be v(9). Let m = y - -3. Let h = m - -25. What is the highest common factor of h and 18?
9
Let k be 2/5*-8*40/(-2). Suppose 6*g = 5*g + h - 49, 0 = h - 3. Let i = k + g. Calculate the greatest common divisor of 54 and i.
18
Suppose 26*z - 14*z = 312. Calculate the greatest common divisor of 78 and z.
26
Let u be (-1 + -1)*(-31 + 23). Let z be 2 - 2/(-2)*0. Suppose -z - 6 = -4*n. Calculate the highest common factor of n and u.
2
Suppose -f + 4 = 2*v, -3*v - 32 = -4*f - 7*v. What is the highest common divisor of 444 and f?
12
Suppose 0 = 2*s + x - 7, -2*s - 4*x - x = 5. Suppose -542 = -s*y + 283. Calculate the highest common divisor of y and 110.
55
Let n be 14 + (-645)/45 + 235/3. Calculate the greatest common divisor of n and 416.
26
Suppose 339 + 237 = 6*u. What is the highest common divisor of u and 160?
32
Let z be 41 + 0 + 1*-1. Suppose -2 = -a - 0*a. Let l be 4/a - 3/(21/(-98)). Calculate the highest common divisor of z and l.
8
Let l(z) = -17*z**3 + z**2 - 15*z - 14. Let p be l(-1). Let w = -70 + 450. Suppose -4*y + w = -0*y. What is the highest common factor of p and y?
19
Let g = -33 + 48. Suppose 2*v - 3*z = 135, 5*z - 20 = z. What is the greatest common divisor of g and v?
15
Suppose -3*m + 388 - 262 = 0. Suppose 3*s = -2*z + s + 210, -s + 315 = 3*z. Calculate the greatest common factor of z and m.
21
Suppose -m = -354 + 114. Calculate the highest common factor of m and 30.
30
Suppose -6*d + 0 = -48. Suppose 67 = 2*v - 205. Calculate the highest common factor of d and v.
8
Suppose 2*p = 5*p + 5*z + 5, 0 = -3*p - 3*z - 3. Suppose 4*r - 189 - 67 = p. What is the greatest common factor of 16 and r?
16
Let t be 134 - (-8)/((-16)/4)*2. Suppose t = 5*a - 290. What is the highest common divisor of a and 42?
42
Let m = 1181 + -965. What is the greatest common factor of m and 108?
108
Let w be 29 - ((-2)/(-2) - -2). Suppose -62 = -q + 4*d, 2*d - 11 = -3. What is the highest common factor of q and w?
26
Let h be (-2)/(-10) - (-294)/30. Let y(q) = -q**3 + 10*q + 7. Let v be y(-3). What is the highest common divisor of h and v?
2
Let k = -33 - -65. What is the greatest common divisor of 48 and k?
16
Suppose -5*w + 12 = -3. Suppose 3*m + 49 = 4*f, -w*f + 16 + 20 = -3*m. Let j be f*2 - 0/(-1). What is the greatest common divisor of j and 130?
26
Let b be ((-5)/3)/(2/(-24)). Suppose 2*p = 3*p + 4, -4*g - 5*p - 12 = 0. Suppose g*a = -2*a + 240. What is the greatest common factor of b and a?
20
Suppose -540 = -2*h + 14*j - 10*j, 0 = -4*j + 4. What is the highest common factor of h and 102?
34
Let g be (1/3)/((-1)/(-9)). Suppose 0 = 2*n + d + g*d - 16, d - 3 = 0. Calculate the greatest common factor of 3 and n.
1
Suppose -3*p - 63 = -3*r - 0*p, -5*r + 105 = -4*p. Calculate the greatest common factor of r and 189.
21
Suppose q + 5*i = 2*q, -8 = -2*i. Suppose 2*d - 20 = c, 2*d - q = -0*d + 5*c. Calculate the greatest common factor of 10 and d.
10
Let t(p) be the second derivative of -13*p**3/3 + 11*p**2/2 + 12*p. Let o be t(-4). Suppose 5*k = -5 + 235. What is the highest common divisor of o and k?
23
Let v = 18 - -222. Calculate the greatest common factor of v and 12.
12
Suppose -1383 + 103 = -4*n. What is the highest common divisor of n and 20?
20
Let m(h) = h**2 + 14*h - 67. Let f be m(4). What is the highest common factor of f and 6?
1
Suppose 0 = -5*x - 5*f + 125, -5*x + 57 = -3*f - 28. Calculate the highest common divisor of 45 and x.
5
Let t be (-26 - -2)/1*-1. Let r = 17 - 13. Suppose 0 = 2*k - r*a - 32, -k + 3*k - 5*a - 34 = 0. What is the greatest common factor of k and t?
12
Suppose 0 = 3*i - a - 4, -a - 3 = 3*i + 1. Suppose -m = 6*z - 11*z + 8, i = 2*z - 6. Calculate the highest common divisor of m and 14.
7
Let s be 24*(11/(-8))/((-47)/188). Calculate the highest common factor of 726 and s.
66
Suppose 0 = -68*z + 74*z - 798. Calculate the highest common factor of z and 7.
7
Suppose 5*w - 320 = -5*g, 2*g - 2*w + 0*w = 144. Suppose -4*j = 1 - 69. What is the greatest common divisor of g and j?
17
Let f(x) = -x - 28. Let r be f(-48). Calculate the highest common factor of 500 and r.
20
Let i = -537 - -569. Calculate the highest common factor of 128 and i.
32
Let w be 5/2 + 2/(-4). Let m(g) = 5*g - w - 3*g - 3*g + g**2. Let c be m(-4). What is the highest common divisor of c and 2?
2
Let x(t) = 4*t - 16. Let u be x(8). Let s be (-12)/18 - 1/(9/(-366)). Calculate the greatest common factor of u and s.
8
Suppose -2*s + 26 = z, -30 - 8 = -2*s - 4*z. Let r(t) = t**3 - 12*t**2 + 12*t + 7. Let n be r(s). What is the greatest common divisor of 18 and n?
18
Suppose -17822 = 163*r - 201*r. What is the highest common factor of r and 67?
67
Let q(d) be the first derivative of -d**4/2 - d**3 - d**2/2 + 3*d - 2. Let z be q(-2). Let f be 58/6 - (-3)/z. Calculate the highest common divisor of f and 2.
2
Suppose 0 = -3*z + 4 + 2. Let c be 34 + 2 + (z - 5). Suppose -m - m + 3 = d, 5*m - 12 = -4*d. What is the highest common factor of d and c?
3
Let k(t) = -t**3 + 20*t**2 - 11*t - 22. Let d be k(15). Suppose -3*c - 2*c = 4*p - 966, -3*p = -5*c + d. Calculate the highest common divisor of c and 19.
19
Let c be 55 + -31 - 6*1. Calculate the greatest common divisor of 387 and c.
9
Suppose 262*k + 540 = 277*k. Calculate the greatest common divisor of k and 2556.
36
Let l be 0 + -1 + 1 - 3. Let a be (-3)/(((-6)/(-26))/l). Suppose -c - c + 4*p + 18 = 0, 4*p = 8. Calculate the greatest common factor of a and c.
13
Let w = -13 - -14. Let t be 25/2 + w/(-2). Let r be (-19)/(-1) - 36/t. Calculate the highest common factor of r and 24.
8
Suppose 2*g - 60 = 12. Suppose z = 3*z - g. Suppose 9 + 3 = 2*s. Calculate the highest common factor of s and z.
6
Let q be (-7247)/(-5) + -7 + (-12)/(-20). Calculate the greatest common divisor of 39 and q.
39
Let z(q) = -2*q**2 + 6*q + 10. Let j be z(8). Let k be ((-14)/j - (-574)/5) + 1. Calculate the greatest common factor of k and 29.
29
Let u(d) = d - 18. Let y be u(23). Suppose y*w = 2*z + 446, 5*w - 274 = -z + 163. What is the highest common factor of 11 and w?
11
Let w(h) = -h**2 - 14*h + 6. Suppose 6 + 7 = -f. Let b be w(f). Calculate the greatest common factor of 38 and b.
19
Let o(l) = 2*l**3 - 3*l**2 - 2*l - 4. Let y be o(4). Suppose 9*i - 652 = y. Calculate the highest common divisor of i and 10.
10
Let r = 203 + -161. Calculate the greatest common divisor of 98 and r.
14
Let x = 42 + -41. Let r be (-4 + x + -77)/(-2). What is the greatest common divisor of r and 10?
10
Let v(m) = -2 + 7*m**2 + 5*m - 6*m - m. Let p be v(2). What is the greatest common divisor of 77 and p?
11
Let h(z) = z**3 - 60*z**2 - 62*z + 146. Let k be h(61). What is the greatest common factor of 68 and k?
17
Let a(p) = -282*p - 12. Let h be a(-2). Suppose 8*l - h = 288. Calculate the greatest common factor of l and 21.
21
Let u be (2/2)/(4/396). Suppose 5*y = -d + 33, -u = -4*d - 4*y + 17. Suppose t - d = 4*m, 7*m = 4*m - 12. What is the highest common factor of 12 and t?
12
Let m be ((-30)/25)/((-2)/(-5)). Let k be (-1 + (-13 - m))/(-1). Let o(a) = -a**2 - 13*a + 15. Let c be o(-14). What is the highest common divisor of k and c?
1
Suppose 0*a = -3*a + 33. Suppose -a*p = -14*p + 9. Calculate the greatest common divisor of 24 and p.
3
Let c(a) = 8*a**2 + 35*a + 58. Let r be c(-9). Calculate the greatest common factor of r and 17.
17
Let o = 576 + -452. What is the greatest common factor of o and 31?
31
Let x(c) = -58*c + 11. Let q be x(-4). Let o(s) = -s**3 - s + 9. Let w be o(0). What is the greatest common divisor of q and w?
9
Let f = 1149 - 541. What is the greatest common divisor of f and 32?
32
Let m = 29 + -25. Suppose 5*z = 121 + m. Suppose -d + z + 9 = 0. Calculate the highest common factor of 68 and d.
34
Let o(k) = 2*k**2 + 13*k + 24. Suppose d + 11 = -4*f - 15, -3*f = -5*d - 15. Let n be o(d). What is the greatest common divisor of n and 24?
6
Let y be (-100)/(-20)*1/5. Let f = 18 - y. Calculate the highest common divisor of 17 and f.
17
Let d = 15 - 4. Let m(